5)?
5
Let h be (-8 - -10)/(2/5). Let x(o) = -o**2 - 4*o + 1. Let m be x(-4). What is the units digit of h/(0/(-2) + m)?
5
Suppose -541 - 197 = -2*w. What is the hundreds digit of w?
3
Suppose 0*g - 4*j = 3*g + 29, -5*j - 25 = 0. Let n(f) = -f**3 - 2*f**2 + 2*f - 3. Let r be n(g). What is the units digit of (-3)/(3 - r)*-13?
3
Let o = 10 + -6. Suppose o*a = -3*m - 0*a + 19, -3*m + 3*a - 9 = 0. What is the units digit of m?
1
Let g be -2 + 4 - (1 + -2). Suppose g*l + w = 8, 0*l + 5*l + 3*w = 20. Let f = l - -10. What is the tens digit of f?
1
Let a(o) = -o**3 + 14*o**2 - 19*o - 17. What is the tens digit of a(12)?
4
Let x(v) = 3 + 4*v**3 - 15*v**3 - 4 - 9*v**3. What is the tens digit of x(-1)?
1
Let s be 1*-3 - (-3 + 4). Let m = s - -5. Let x = m - -9. What is the tens digit of x?
1
Let i = -3 + -7. What is the units digit of (-9 + 1)/(i/5)?
4
Let x = -33 - -38. Suppose -v + 46 = -1. Suppose x*i - 5*r = v + 3, 2*i - 14 = -4*r. What is the units digit of i?
9
What is the tens digit of ((-138)/(-4))/((-13)/(-130))?
4
Let j(r) = 2*r**2 + 4*r + 4. Let x(p) = -3*p**2 - 6*p - 6. Let n(s) = 8*j(s) + 5*x(s). What is the units digit of n(-4)?
0
Let b(v) = -11*v**3 + 8*v + 3. Let t(s) = 4*s**3 - 3*s - 1. Let d(i) = 3*b(i) + 8*t(i). Let r be d(-2). Suppose -4*g = -g - r. What is the units digit of g?
3
What is the hundreds digit of -3 + (-108)/(3/3 + -2)?
1
Let t(a) = a**2 - 3*a - 2. What is the tens digit of t(-13)?
0
Let j(u) = -u - 9. Let w be j(0). Let r = -4 - w. What is the units digit of r?
5
Suppose m + 3*v = -111, -2*m - 455 = 3*m - 5*v. Let k = -36 - m. What is the units digit of k?
0
Let x(a) = -a**3 - 2*a**2 + 2*a - 4. Let q(h) = h**3 + 2*h**2 - h + 4. Let j(f) = -5*q(f) - 4*x(f). What is the tens digit of j(-4)?
4
Let b(r) = -r**3 - 4*r**2 + 4. Let k be b(-4). Let z be -2*2/4*-3. Suppose -k = -z*h + 17. What is the units digit of h?
7
Let c(s) = -2*s**3 - 4*s**2 - s - 1. Let g be c(-3). Let m(f) = f**2 + 14*f + 16. Let o be m(-13). Suppose o*l = g - 2. What is the units digit of l?
6
Let h = 13 - 24. Let j(b) = -3*b - 7. What is the units digit of j(h)?
6
Let k(t) = 2*t**3 + 3*t**2 - 4*t - 2. Let b be k(-3). Let y = 34 + b. What is the tens digit of y?
1
Suppose -4*j + 14 - 38 = 0. Let o(g) = g**2 + 6*g + 1. Let q be o(j). Let z = q + 3. What is the units digit of z?
4
Suppose 5*y + 129 - 394 = 0. What is the tens digit of y?
5
Suppose 3*v = -2*z + 525, -2*z - 11 - 514 = -3*v. What is the tens digit of v?
7
Suppose -2 = -0*m - m + 4*b, -5*m + 10 = -2*b. What is the units digit of m?
2
Let d(x) = x**3 - 2*x**2 + 146. What is the units digit of d(0)?
6
Suppose 0 = 4*f - y - 11, -2*f = 5*y + 4 - 15. Let m(g) = g**2 + g + 1. What is the tens digit of m(f)?
1
Let z(r) = -3*r**2 + 17 - 16 + 6*r**2 - 4*r**2 - 2*r**3 + r. What is the units digit of z(-2)?
1
Suppose 4*o - 13 = h, 5*h + o = 5*o - 1. Suppose 83 = h*n - 2*t, 8*n - 4*t = 3*n + 135. What is the tens digit of n?
3
Suppose 0 = 5*p - 4 - 21. Suppose -p*u - 10 = -d, 0*d - 4*d = -5*u - 10. Suppose d = -4*j + j + 27. What is the units digit of j?
9
Suppose 0 = 2*x - 2*j - 20, -2*j + 1 = x - 6. Let y = 51 - x. What is the units digit of y?
2
Let r(c) = -c**3 - 6*c**2 - 6*c. Let d be r(-5). What is the tens digit of (-14)/(-3)*(-2 + d)?
1
Let u = -2 - -8. Suppose -h - 15 = -u*h. What is the units digit of h?
3
Let g = 4 + -3. Let i(u) = 3*u**2 - 3. Let b be i(3). What is the tens digit of (b - 7) + (1 - g)?
1
Let z be 2/13 + (-14000)/(-260). Let g be (-66)/10 + 2/(-5). What is the units digit of 4/14 - z/g?
8
Let l be -15*(182/3)/(-7). What is the units digit of (-40)/(-25)*l/4?
2
Suppose 4*s + 6*t - t - 7 = 0, -13 = -5*s - 2*t. Let g(k) = -s*k - 2 - 2*k + 7*k. What is the units digit of g(5)?
8
Let m(o) be the first derivative of -o**5/60 + 3*o**4/8 + o**3 + o**2 + 2. Let f(r) be the second derivative of m(r). What is the tens digit of f(8)?
1
Let j = -14 - -58. Suppose -5*u + 3*s + 50 = 0, -2*s - 8 = 2*u - j. What is the units digit of u?
3
Let n = 9 + -10. What is the units digit of n + (-36)/(4/(-2))?
7
Let c be 1270/30 - 4/(-6). Suppose -5*g + 35 = -5*z, z = -0*g - 4*g + c. What is the units digit of g?
0
Let f(o) = -17*o - 1. Let m be f(-2). What is the units digit of (2 + m/(-12))*-8?
6
Let d be (-3)/(3/(-4)) + 1. Suppose 2*v - 2*w - d = -v, 2*v - 8 = -w. Suppose -20 = -2*f - v*f. What is the units digit of f?
4
Let b(v) = -v. Let w be b(4). Suppose -26 = -2*t - 12. Let g = w + t. What is the units digit of g?
3
Suppose -6*b = 5*b - 220. What is the tens digit of b?
2
Let b = -27 + 30. What is the units digit of b?
3
Suppose 5*z - 3*c = 147, -4*z + 3*c - 2*c = -112. What is the tens digit of z?
2
Suppose 4*g + 3*u - 9 = 0, 3*u + 0*u = 3*g + 9. Suppose -2*j + 4*f = 4, g*j - 4*f = 3*j - 24. What is the units digit of j?
4
Let f be (-4)/((3 + -1)/(-2)). Suppose f*c + 8*k = 3*k + 13, -c + 12 = 3*k. Let s = 7 + c. What is the units digit of s?
4
Let h = 2 + 18. Suppose 1 = v - 4*v + 4*z, -h = -5*z. What is the units digit of v?
5
Suppose -5*h = 4*p - 165, 2*h - 36 - 18 = -4*p. Suppose 0*t - 3*t = q + 12, 5*t = 4*q - h. What is the units digit of -6*q/(-2) + -2?
7
Let b(d) = d + 3*d**3 + 2*d - 2*d**3 + 5*d**2 + 4 - 2*d**3. What is the tens digit of b(4)?
3
Suppose -2*p = 101 - 311. What is the units digit of p?
5
Suppose 4*f = -2*m + 232, 0*f + 108 = 2*f + 3*m. What is the tens digit of f?
6
Let c(m) = 47*m**2 - 2*m - 11. Let k(x) = -23*x**2 + x + 6. Let w(n) = 6*c(n) + 11*k(n). Let y be w(-1). Let a = y + -15. What is the tens digit of a?
1
Suppose -5*a - 12 = 28. Let i = 9 + a. What is the units digit of i?
1
Suppose 0 = s - 2*s. Suppose -4*u + 20 + 56 = s. What is the tens digit of u?
1
What is the tens digit of ((-1160)/(-100))/((-4)/(-10))?
2
Let k = 108 - -92. What is the hundreds digit of k?
2
Suppose 10*t + 2352 = 16*t. What is the units digit of t?
2
Let b be (-95)/(-4) - 2/(-8). Let z = b + -8. What is the units digit of z?
6
Let k = -46 + 89. Suppose z - k = -3*z - 5*s, 3*s = z + 2. What is the units digit of z?
7
Let y(b) = -3*b**2 + b. Let p be y(1). What is the tens digit of (456/(-16))/(p/4)?
5
Let d be (-5 - -3)/((-2)/19). Suppose -5*m - 3*i = d, 0 = 2*m + 4*i - 9*i + 20. What is the units digit of ((-4)/m)/(3/15)?
4
Let u = -3 + 14. What is the units digit of u?
1
Let x(u) = -u**2 + 7*u - 1. Let k be x(5). Suppose 2*b = -b - k, 5*w - b = 38. Let a(l) = l**3 - 6*l**2 - 7*l + 3. What is the units digit of a(w)?
3
Let n be 2195/25 + (-2)/(-10). Let b = n + -61. What is the units digit of b?
7
Let s(i) = i**3 - 8*i**2 + 10. Let y(v) = -v**3 + 10*v**2 - 7*v - 10. Let w be y(9). What is the tens digit of s(w)?
1
What is the units digit of 1/(1233/(-3195) - (-2)/5)?
1
Let k be (8 + -2)/(2*1). Suppose 3*r + 12 = k*a, 3*r - 9 = 4*a - 28. What is the units digit of a?
7
Let q(y) = -12*y - 42. What is the tens digit of q(-9)?
6
Let r = -95 - -141. What is the tens digit of r?
4
Suppose -4*n + 284 + 264 = 0. What is the hundreds digit of n?
1
Let l be ((-2)/4)/((-2)/24). Suppose l*q - q = 25. What is the units digit of q?
5
Suppose 2*p = -3*h + 22, 0*h + 8 = 4*h. Suppose f = 5*x + 14, 4*f - 18 - p = 5*x. Suppose f*r = 15 + 1. What is the units digit of r?
4
Let w(m) = -m + 9. Let o be w(10). Let u be (1/(-2) - o)*0. Suppose u*s = 5*s - 20. What is the units digit of s?
4
Let t be -2*(0 + (-15)/(-6)). Let z(a) = a**2 + 5*a + 2. Let v be z(t). Let c = 12 - v. What is the tens digit of c?
1
Let n(h) = h**2 + 3*h + 1. Let i be n(5). Suppose 4*w - 32 = 2*f, -5*w = -5*f + 11 - i. What is the units digit of w?
0
Suppose 3*r - r + 4*w - 14 = 0, 2*r + 5*w - 16 = 0. Suppose 8*a - 35 = r*a. What is the units digit of a?
7
Let j(k) = 2*k**3 + k**2 - 8*k + 11. What is the tens digit of j(2)?
1
Suppose 5*r - r - 2*j - 18 = 0, -5*r = -2*j - 22. Suppose 2*g - 2*c - 8 = 0, -2*g - r*c - 7 = -27. What is the units digit of g?
6
Let s(q) = q**3 + 6*q**2 - 7*q + 8. Let w be s(-7). Let g be -2 + (2 - 1)*w. What is the units digit of 9/15*(-1 + g)?
3
Suppose -2*g + 2*f + 60 = 3*g, -3*g + 36 = -3*f. Let t = g - -15. What is the tens digit of t?
2
Suppose -5 = -2*q + 7*q. Let r(c) = -12*c**3 - 1. What is the tens digit of r(q)?
1
Suppose 4*a + 0 = 20, 0 = -4*x - 2*a + 18. Let f be ((-24)/x)/(-3) - 2. Suppose 59 